32
In base 8, what is -75 - -1?
-74
In base 12, what is -2 - -aa?
a8
In base 4, what is -30 + -303?
-333
In base 13, what is -5 - 3?
-8
In base 13, what is -2cb + 1?
-2ca
In base 8, what is 130230 + 2?
130232
In base 3, what is 1101 + -2020?
-212
In base 10, what is -6 - 33?
-39
In base 14, what is 2543 - 1?
2542
In base 10, what is 3544 - -2?
3546
In base 5, what is -32 + 1314?
1232
In base 5, what is -244 - 232?
-1031
In base 16, what is 3 + 3e?
41
In base 7, what is -40 - -210?
140
In base 2, what is -101 - -1001000001?
1000111100
In base 6, what is -52 + 2?
-50
In base 12, what is -1 - 48?
-49
In base 8, what is 4307 - 1?
4306
In base 3, what is -2 - -2010112?
2010110
In base 11, what is 3 + 258?
260
In base 11, what is 24 - 6?
19
In base 10, what is -164 + -10?
-174
In base 2, what is -11000 - 11110?
-110110
In base 12, what is -1 - 3a9?
-3aa
In base 16, what is 184 + 0?
184
In base 12, what is 0 + 4?
4
In base 8, what is 6 + 7?
15
In base 7, what is -2 + 2050?
2045
In base 12, what is 1 - 3b9?
-3b8
In base 3, what is 210100 + -11?
210012
In base 8, what is 14146 - 0?
14146
In base 9, what is -118 + 1?
-117
In base 5, what is 10 - -3244?
3304
In base 9, what is 650 + 0?
650
In base 4, what is -1031 - 22?
-1113
In base 2, what is 1110111 - -11?
1111010
In base 5, what is 22313 + -11?
22302
In base 11, what is -5 - 120?
-125
In base 14, what is 4b + -b?
40
In base 7, what is -5 - 150?
-155
In base 5, what is -322 - 3?
-330
In base 12, what is -344 - 7?
-34b
In base 3, what is 201 + -201000?
-200022
In base 2, what is -100000111 - -10?
-100000101
In base 13, what is -45 + -5?
-4a
In base 15, what is -4c + 5?
-47
In base 16, what is 3 - 13?
-10
In base 5, what is -1 - 11203?
-11204
In base 7, what is -5 - -544?
536
In base 10, what is 810 + -3?
807
In base 6, what is 550 - -2?
552
In base 14, what is -35 - 8?
-3d
In base 9, what is -138 + -103?
-242
In base 12, what is 98 + b?
a7
In base 9, what is -1 - 3803?
-3804
In base 13, what is -10 + 44b?
43b
In base 16, what is -df + -56?
-135
In base 14, what is -29 - -11?
-18
In base 4, what is -21 + 20303?
20222
In base 5, what is -1044 + 12?
-1032
In base 4, what is -230 + 1?
-223
In base 6, what is 4 - -43?
51
In base 11, what is 1 - -9?
a
In base 3, what is 10 - 2102?
-2022
In base 10, what is -281 + -2?
-283
In base 9, what is 653 + -10?
643
In base 2, what is 1 + 11001011001?
11001011010
In base 5, what is -4 + 1413?
1404
In base 9, what is 1 + 2857?
2858
In base 15, what is d8 + 6?
de
In base 11, what is 175 - 2?
173
In base 4, what is 2032 + 12?
2110
In base 9, what is 31 - 46?
-15
In base 5, what is -4 - -322?
313
In base 15, what is -de7 + 5?
-de2
In base 7, what is -1 - 203?
-204
In base 14, what is -5187 + -3?
-518a
In base 15, what is 3 + -4?
-1
In base 9, what is 587 + -5?
582
In base 4, what is 3000 - 10?
2330
In base 5, what is -2 + 314?
312
In base 4, what is 2132 - -2?
2200
In base 14, what is -984 - -3?
-981
In base 13, what is -1521 + -2?
-1523
In base 15, what is 317 + -9?
30d
In base 16, what is -1 - -4?
3
In base 7, what is 0 - 22112?
-22112
In base 10, what is 2 + 7?
9
In base 3, what is 12 + -111100?
-111011
In base 3, what is -10 + 22?
12
In base 11, what is -249 + -1?
-24a
In base 14, what is 2 - -b1?
b3
In base 9, what is 7 + -3046?
-3038
In base 3, what is -2100210 - 1?
-2100211
In base 15, what is -5 + -38?
-3d
In base 11, what is -1a + 30?
11
In base 13, what is 9ba - 3?
9b7
In base 16, what is 1d42 + 3?
1d45
In base 9, what is 658 - -2?
661
In base 16, what is 6 - -a8?
ae
In base 2, what is -1111001101011 + -1?
-1111001101100
In base 16, what is -4a + -4?
-4e
In base 8, what is 476 + -1?
475
In base 5, what is 0 + -14341?
-14341
In base 11, what is -4 - 1541?
-1545
In base 7, what is 205 + -4?
201
In base 4, what is 1 - 2002?
-2001
In base 6, what is -222 - -14?
-204
In base 9, what is -2 - 717?
-720
In base 2, what is -1010111100 - 1?
-1010111101
In base 3, what is 20022 + 10?
20102
In base 3, what is 20 - 102?
-12
In base 11, what is -101 - -5?
-a7
In base 5, what is -3 + -213?
-221
In base 8, what is 231 + 3?
234
In base 13, what is 0 - 191?
-191
In base 5, what is -1102 + 0?
-1102
In base 4, what is 12 + 130310?
130322
In base 7, what is -2250 - 2?
-2252
In base 16, what is -10 - 19?
-29
In base 5, what is 4 - -110433?
110442
In base 14, what is -107 - -2?
-105
In base 15, what is 2 + 17?
19
In base 5, what is -44242 - 1?
-44243
In base 10, what is -91 - 19?
-110
In base 12, what is -1 - 39?
-3a
In base 5, what is 20 - 3201?
-3131
In base 5, what is 1 + -1322?
-1321
In base 2, what is -11 + -10100111?
-10101010
In base 9, what is 16 - 41?
-24
In base 16, what is 66e - 2?
66c
In base 12, what is 846 - 2?
844
In base 11, what is a4 + 2?
a6
In base 12, what is 69 + 5?
72
In base 13, what is -c - 0?
-c
In base 4, what is -2 + 130101?
130033
In base 9, what is 4 - -523?
527
In base 13, what is -c3 + 2?
-c1
In base 4, what is 1 + 1331?
1332
In base 8, what is 713 + -5?
706
In base 3, what is 11222000 - -1?
11222001
In base 14, what is -11b - 4?
-121
In base 2, what is -101 - -1111010001?
1111001100
In base 7, what is -1101 + 5?
-1063
In base 12, what is 1 + -3?
-2
In base 16, what is 1 - 3e?
-3d
In base 4, what is 10133 + -1?
10132
In base 16, what is 1 + 85d?
85e
In base 4, what is -3023301 + 1?
-3023300
In base 9, what is 40 + -67?
-27
In base 13, what is -8 + -23?
-2b
In base 6, what is -3 + -124?
-131
In base 4, what is 1232 - -2?
1300
In base 12, what is 91b + -4?
917
In base 10, what is 353 + -4?
349
In base 7, what is 253 - -2?
255
In base 9, what is -3 - 10?
-13
In base 14, what is 5 + -41?
-3a
In base 12, what is -2 - -5a?
58
In base 12, what is -91 + 2?
-8b
In base 2, what is -10 + 10111100?
10111010
In base 10, what is -81 + -57?
-138
In base 12, what is 2 + 4?
6
In base 4, what is -300211 - 0?
-300211
In base 4, what is 1 + 111?
112
In base 2, what is -101001101 + -1?
-101001110
In base 10, what is 9 + -154?
-145
In base 14, what is -4 - 8d8?
-8dc
In base 12, what is -112 + -75?
-187
In base 3, what is -122012 - 12?
-122101
In base 12, what is 17 + 10?
27
In base 5, what is -2 - 144?
-201
In base 8, what is 3 - 1717?
-1714
In base 9, what is -285 - 0?
-285
In base 10, what is -120 + -12?
-132
In base 10, what is -9 - -3?
-6
In base 14, what is 44 + 1?
45
In base 6, what is 14 + 3122?
3140
In base 5, what is -22 + -110?
-132
In base 16, what is -d0 + 14?
-bc
In base 9, what is 3 + -701?
-687
In base 14, what is 1 + 87?
88
In base 4, what is 2031312 - 3?
2031303
In base 2, what is -1110000001 - -1?
-1110000000
In base 3, what is 202 + 12002?
12211
In base 8, what is 7570 - 10?
7560
In base 7, what is 145 - -6?
154
In base 16, what is -34 - -29?
-b
In base 12, what is 4a1 - -1?
4a2
In base 9, what is 682 + -5?
676
In base 9, what is -1720 - 4?
-1724
In base 2, what is 100 - -10111?
11011
In base 16, what is 4 + 4?
8
In base 12, what is 1 + -24b?
-24a
In base 11, what is 24 - -5?
29
In base 10, what is -7 + -5?
-12
In base 4, what is -1103000 + 0?
-1103000
In base 2, what is 10011111000 + -1100?
10011101100
In base 16, what is -1 + a7?
a6
In base 13, what is 2 + 337?
339
In base 2, what is -1011111100 - 1?
-1011111101
In base 6, what is -2 - -151?
145
In base 15, what is 4 - -99?
9d
In base 7, what is 2 + 1140?
1142
In base 3, what is 11011 + 10?
11021
In base 4, what is 0 + 10231?
10231
In base 13, what is 16 + -4?
12
In base 5, what is 10 + 413?
423
In base 7, what is -4 - -45?
41
In base 15, what is -17d + 0?
-17d
In base 5, what is -4 - -1?
-3
In base 15, what is -4 + 81?
7c
In base 8, what is 205 - 4?
201
In base 14, what is 6 + -6?
0
In base 16, what is 252 - 0?
252
In base 12, what is 3 - -1a?
21
In base 7, what is 56 + 64?
153
In base 14, what is 1a5 - 3?
1a2
In base 11, what is 3 - -6029?
6031
In base 3, what is -211 - 11101?
-12012
In base 4, what is -10001 - 30?
-10031
In base 14, what is 4 + -10?
-a
In base 6, what is 14 - -23?
41
In base 3, what is -2 - 100222?
-101001
In base 14, what is 3 + -b1?
-ac
In base 3, what is 10210 - -12?
10222
In base 5, what is 134 - -24?
213
In base 7, what is 100 + -4?
63
In base 10, what is 12 + -13?
-1
In base 16, what is -16f - 5?
-174
In base 15, what is -1 - -3e?
3d
In base 12, what is 80 - 4?
78
In base 2, 